{"id":19,"date":"2015-11-17T11:38:31","date_gmt":"2015-11-17T11:38:31","guid":{"rendered":"http:\/\/bepractice.pl\/?page_id=19"},"modified":"2020-03-20T20:28:36","modified_gmt":"2020-03-20T20:28:36","slug":"nasz-zespol","status":"publish","type":"page","link":"https:\/\/bepractice.pl\/?page_id=19","title":{"rendered":"Nasz zesp\u00f3\u0142"},"content":{"rendered":"<p><strong><a href=\"https:\/\/bepractice.pl\/wp-content\/uploads\/2015\/11\/Marek1.jpg\"><img decoding=\"async\" class=\"alignnone  wp-image-165\" src=\"https:\/\/bepractice.pl\/wp-content\/uploads\/2015\/11\/Marek1-200x300.jpg\" alt=\"\" width=\"120\" height=\"180\" srcset=\"https:\/\/bepractice.pl\/wp-content\/uploads\/2015\/11\/Marek1-200x300.jpg 200w, https:\/\/bepractice.pl\/wp-content\/uploads\/2015\/11\/Marek1-768x1152.jpg 768w, https:\/\/bepractice.pl\/wp-content\/uploads\/2015\/11\/Marek1-683x1024.jpg 683w, https:\/\/bepractice.pl\/wp-content\/uploads\/2015\/11\/Marek1-410x615.jpg 410w, https:\/\/bepractice.pl\/wp-content\/uploads\/2015\/11\/Marek1-100x150.jpg 100w, https:\/\/bepractice.pl\/wp-content\/uploads\/2015\/11\/Marek1-275x413.jpg 275w, https:\/\/bepractice.pl\/wp-content\/uploads\/2015\/11\/Marek1.jpg 1365w\" sizes=\"(max-width: 120px) 100vw, 120px\" \/><\/a><span style=\"color: #2f3542;\"> Marek Lewandowski \u2013 Prezes<\/span><\/strong><\/p>\n<p><span style=\"color: #2f3542;\">Senior Konsultant, Trener<\/span><\/p>\n<p><span style=\"color: #2f3542;\">Od 1992 roku zwi\u0105zany z bran\u017c\u0105 FMCG, praktyczne do\u015bwiadczenie zawodowe zdobywa\u0142 w mi\u0119dzynarodowych koncernach&nbsp; pe\u0142ni\u0105c funkcje mened\u017cerskie w Dzia\u0142ach Sprzeda\u017cy takich firm jak Philip Morris, Reemstma, Benckiser, House of Prince, Elbrewery (Heineken Group), Chipita na stanowiskach District Manager, National Key Account Manager, National Sales Manager, Managing Director.<\/span><\/p>\n<p><span style=\"color: #2f3542;\">Od 2002 roku zwi\u0105zany z bran\u017c\u0105 konsultingow\u0105, w szczeg\u00f3lno\u015bci dla segmentu Automotive, realizuje projekty szkoleniowe w obszarach sprzeda\u017cy i zarz\u0105dzania, szkolenia produktowe dla takich marek jak Mercedes, Audi, Ford, Fiat, Mazda, Volvo i Volkswagen, wsp\u00f3\u0142tworzy\u0142 projekty doradcze w zakresie restrukturyzacji firm jak r\u00f3wnie\u017c pozyskiwa\u0142 Klient\u00f3w dla grupy firm z obszaru konsultingowego.<\/span><\/p>\n<p><span style=\"color: #2f3542;\">Od wielu lat zajmuje si\u0119 projektami zwi\u0105zanymi z Certyfikacj\u0105 Doradc\u00f3w Sprzeda\u017cy i Serwisu w bran\u017cy Automotive, realizowa\u0142 projekty Assessement Center i Development Center<\/span><\/p>\n<p><span style=\"color: #2f3542;\">Posiada wieloletnie do\u015bwiadczenie w zakresie HR na stanowisku Dyrektora Generalnego, w szczeg\u00f3lno\u015bci w tworzeniu opis\u00f3w i map kompetencji, warto\u015bciowaniu stanowisk, tworzeniu i przeprowadzaniu ocen pracowniczych, realizacji Assessement i Development Center, rekrutacji, r\u00f3wnie\u017c Executive Search.<\/span><\/p>\n<p><span style=\"color: #2f3542;\">Opracowuje i prowadzi projekty zwi\u0105zanych z podnoszeniem efektywno\u015bci pracy w dzia\u0142ach Sprzeda\u017cy i Serwisu, realizuje dzia\u0142ania wdro\u017ceniowe bezpo\u015brednio w stacjach dealerskich w praktyczny spos\u00f3b implementuj\u0105c umiej\u0119tno\u015bci nabyte przez pracownik\u00f3w podczas szkole\u0144.<\/span><\/p>\n<p><span style=\"color: #2f3542;\">Posiada do\u015bwiadczenie w prowadzeniu coaching\u2019\u00f3w dla kadry menad\u017cerskiej jak i w Zarz\u0105dzaniu Zmian\u0105.<\/span><\/p>\n<p><span style=\"color: #2f3542;\">Praktyk biznesu, specjalizuje si\u0119 w przeprowadzaniu z\u0142o\u017conych projekt\u00f3w doradczych wymagaj\u0105cych zaanga\u017cowania du\u017cych zespo\u0142\u00f3w, prowadzi zaj\u0119cia z obszaru sprzeda\u017cy i zarz\u0105dzania dla wielu firm, w szczeg\u00f3lno\u015bci z sektora motoryzacyjnego.<\/span><\/p>\n<hr>\n<p><span style=\"color: #2f3542;\"><strong><a style=\"color: #2f3542;\" href=\"https:\/\/bepractice.pl\/wp-content\/uploads\/2015\/11\/Aga-zdje--cie.jpg\"><img decoding=\"async\" class=\"alignnone  wp-image-144\" src=\"https:\/\/bepractice.pl\/wp-content\/uploads\/2015\/11\/Aga-zdje--cie-300x300.jpg\" alt=\"\" width=\"142\" height=\"142\" srcset=\"https:\/\/bepractice.pl\/wp-content\/uploads\/2015\/11\/Aga-zdje--cie-300x300.jpg 300w, https:\/\/bepractice.pl\/wp-content\/uploads\/2015\/11\/Aga-zdje--cie-150x150.jpg 150w, https:\/\/bepractice.pl\/wp-content\/uploads\/2015\/11\/Aga-zdje--cie-100x100.jpg 100w, https:\/\/bepractice.pl\/wp-content\/uploads\/2015\/11\/Aga-zdje--cie-275x275.jpg 275w, https:\/\/bepractice.pl\/wp-content\/uploads\/2015\/11\/Aga-zdje--cie.jpg 320w\" sizes=\"(max-width: 142px) 100vw, 142px\" \/><\/a> Agnieszka Ratajczyk \u2013 Konsultant Merytoryczny<\/strong><\/span><\/p>\n<p><span style=\"color: #2f3542;\">Senior Konsultant, Trener<\/span><\/p>\n<p><span style=\"color: #2f3542;\">Konsultantka rozwoju osobistego&nbsp;&nbsp;&nbsp;&nbsp; (Individual Competence Development), trener \u2013 nauczyciel ludzi doros\u0142ych (specjalista andragogiki), d\u0142ugoletni praktyk w sprzeda\u017cy, specjalistka od zarz\u0105dzania kapita\u0142em ludzkim HR oraz Assesment Center i Development Center.<\/span><\/p>\n<p><span style=\"color: #2f3542;\">Jest absolwentk\u0105 wydzia\u0142u Handlu Zagranicznego i Podyplomowych Studi\u00f3w z&nbsp;Zarz\u0105dzania Zasobami Ludzkimi. Wsp\u00f3\u0142tworzy\u0142a i bra\u0142a udzia\u0142 w projektach pozyskania i utrzymania na polskim rynku kilku zagranicznych firm sprzeda\u017cowych.<\/span><\/p>\n<p><span style=\"color: #2f3542;\">Koordynowa\u0142a dzia\u0142 sprzeda\u017cy w jednym z&nbsp;elektronicznych koncern\u00f3w przez ponad 5 lat, zosta\u0142a pozyskana do bran\u017cy szkoleniowej, aby dzieli\u0107 si\u0119 wiedz\u0105 i praktyk\u0105.<\/span><\/p>\n<p><span style=\"color: #2f3542;\">Od ponad 15 lat zwi\u0105zana jest z&nbsp;bran\u017c\u0105 szkoleniow\u0105, tworz\u0105c projekty rozwojowe na r\u00f3\u017cnych poziomach zaawansowania.&nbsp; Jest na sta\u0142e partnerem biznesowym kilku firm, kt\u00f3rych sukces jest jej wsp\u00f3\u0142udzia\u0142em.<\/span><\/p>\n<p><span style=\"color: #2f3542;\">Warsztaty prowadzi profesjonalnie realizuj\u0105c elementy za\u0142o\u017ce\u0144 oraz weryfikuj\u0105c je z poziomem umiej\u0119tno\u015bci uczestnik\u00f3w. Posiada wypracowane przez lata narz\u0119dzia i systemy, kt\u00f3re wykorzystuje w pracy z&nbsp;uczestnikami zar\u00f3wno w grupie jak i indywidualnie.<\/span><\/p>\n<hr>\n<p><span style=\"color: #2f3542;\"><strong><a style=\"color: #2f3542;\" href=\"https:\/\/bepractice.pl\/wp-content\/uploads\/2019\/05\/Ireneusz-Zyza\u0144ski.png\"><img decoding=\"async\" class=\"alignnone  wp-image-383\" src=\"https:\/\/bepractice.pl\/wp-content\/uploads\/2019\/05\/Ireneusz-Zyza\u0144ski-300x300.png\" alt=\"\" width=\"138\" height=\"138\" srcset=\"https:\/\/bepractice.pl\/wp-content\/uploads\/2019\/05\/Ireneusz-Zyza\u0144ski-300x300.png 300w, https:\/\/bepractice.pl\/wp-content\/uploads\/2019\/05\/Ireneusz-Zyza\u0144ski-150x150.png 150w, https:\/\/bepractice.pl\/wp-content\/uploads\/2019\/05\/Ireneusz-Zyza\u0144ski-100x100.png 100w, https:\/\/bepractice.pl\/wp-content\/uploads\/2019\/05\/Ireneusz-Zyza\u0144ski-275x275.png 275w, https:\/\/bepractice.pl\/wp-content\/uploads\/2019\/05\/Ireneusz-Zyza\u0144ski.png 400w\" sizes=\"(max-width: 138px) 100vw, 138px\" \/><\/a> Ireneusz Zyza\u0144ski \u2013 Trener i Mentor<\/strong><\/span><\/p>\n<p><span style=\"color: #2f3542;\">Mi\u0119dzykulturowy coach, mentor, trener i konsultant z wieloletnim, mi\u0119dzynarodowym korporacyjnym do\u015bwiadczeniem. Wsp\u00f3\u0142pracuje z Center for Creative Leadership (CCL) w Brukseli oraz z wiod\u0105cymi firmami coachingowymi i szkoleniowymi w Polsce.<\/span><\/p>\n<p><span style=\"color: #2f3542;\">Przez 24 lata pracowa\u0142 w Philip Morris w Polsce, na Ukrainie, w Dubaju, Chinach, Rosji, Indonezji i Hong Kongu, zar\u00f3wno w dzia\u0142ach HR jak i Sprzeda\u017cy.<\/span><\/p>\n<p><span style=\"color: #2f3542;\">Ostanie pozycje w korporacji to: Regionalny Dyrektor HR ds. rozwoju Organizacji Komercyjnych w Hong Kongu (13 kraj\u00f3w) i w Indonezji: Dyrektor HR ds. Marketingu i Sprzeda\u017cy (4500 os\u00f3b w 120 lokalizacjach).<\/span><\/p>\n<p><span style=\"color: #2f3542;\">Uko\u0144czy\u0142 arabistyk\u0119, zna r\u00f3wnie\u017c j\u0119zyk angielski i rosyjski.<\/span><\/p>\n<p><span style=\"color: #2f3542;\">Po powrocie do Polski w 2015 roku wsp\u00f3\u0142pracuje z wiod\u0105cymi firmami szkoleniowymi<\/span><br><span style=\"color: #2f3542;\">i coachingowymi. Prowadzi\u0142 warsztaty i treningi z przyw\u00f3dztwa, zarz\u0105dzania, mentoringu i komunikacji mi\u0119dzykulturowej.<\/span><\/p>\n<p><span style=\"color: #2f3542;\">Absolwent kurs\u00f3w coachingowych Coachwise. Certyfikowany konsultant narz\u0119dzia DISC D3 oraz 360 View, 360 CCL, oraz TEIQue (Emocjonalna Inteligencja). Posiada certyfikacje trenera mi\u0119dzykulturowego z European Institute for Intercultural Development (EIFID) z Amsterdamu. Autor cyklu artyku\u0142\u00f3w w hrpolska.pl oraz Personel Plus. Wyst\u0119puje jako prezenter podczas konferencji HR oraz ICF.<\/span><\/p>\n<p><span style=\"color: #2f3542;\">CERTYFIKATY I SZKOLENIA:<\/span><\/p>\n<ul>\n<li><span style=\"color: #2f3542;\">Akademia Coachingu Coach Wise, poziom Equipped<\/span><\/li>\n<li><span style=\"color: #2f3542;\">DISC D 3<\/span><\/li>\n<li><span style=\"color: #2f3542;\">Komunikacja Mi\u0119dzykulturowa (European Institute for Intercultural Develompent)<\/span><\/li>\n<li><span style=\"color: #2f3542;\">Informacja zwrotna myView 360<\/span><\/li>\n<li><span style=\"color: #2f3542;\">Emocjonalna Inteligencja (TEIQue \u2013 Traits Emotional Intelligence Questionnaire)<\/span><\/li>\n<li><span style=\"color: #2f3542;\">Designing Assessment Cenre (SHL)<\/span><\/li>\n<li><span style=\"color: #2f3542;\">Joba Evaluation Methodology (HAY)<\/span><\/li>\n<li><span style=\"color: #2f3542;\">Facilitation Skills<\/span><\/li>\n<li><span style=\"color: #2f3542;\"><span style=\"color: #2f3542;\">Advanced People Managment<\/span><\/span><br>\n<hr><\/li>\n<\/ul>\n<p><span style=\"color: #2f3542;\"><strong><a style=\"color: #2f3542;\" href=\"https:\/\/bepractice.pl\/wp-content\/uploads\/2019\/05\/Sidewicza.png\"><img loading=\"lazy\" decoding=\"async\" class=\"alignnone  wp-image-400\" src=\"https:\/\/bepractice.pl\/wp-content\/uploads\/2019\/05\/Sidewicza-238x300.png\" alt=\"\" width=\"118\" height=\"149\" srcset=\"https:\/\/bepractice.pl\/wp-content\/uploads\/2019\/05\/Sidewicza-238x300.png 238w, https:\/\/bepractice.pl\/wp-content\/uploads\/2019\/05\/Sidewicza-100x126.png 100w, https:\/\/bepractice.pl\/wp-content\/uploads\/2019\/05\/Sidewicza.png 261w\" sizes=\"(max-width: 118px) 100vw, 118px\" \/><\/a> Tomasz Piotr Sidewicz \u2013 Trener i Negocjator<\/strong><\/span><\/p>\n<p><span style=\"color: #2f3542;\">Specjalizuje si\u0119 w trudnych negocjacjach, zwi\u0105zanych z konfliktem interes\u00f3w (zwi\u0105zki zawodowe, lokalna spo\u0142eczno\u015b\u0107, rady wsp\u00f3lnik\u00f3w\/udzia\u0142owc\u00f3w) jak i r\u00f3wnie\u017c trudnych decyzjach menad\u017cerskich. Od 1991 roku zajmuje si\u0119 sprzeda\u017c\u0105 i negocjacjami. Do 2006 roku prowadzi\u0142 central\u0119 handlu zagranicznego i kancelari\u0119 windykacyjn\u0105, gdzie w imieniu swoich klient\u00f3w (polskich producent\u00f3w) prowadzi\u0142 rozmowy handlowe z importerami zagranicznymi. Za sob\u0105 ma 15 lat sta\u017cu pracy w handlu zagranicznym oraz prowadzenie negocjacji z obcokrajowcami. By\u0142 r\u00f3wnie\u017c konsultantem dla prezes\u00f3w sp\u00f3\u0142ek skarbu pa\u0144stwa.<\/span><\/p>\n<p><span style=\"color: #2f3542;\">Z wykszta\u0142cenia jest filologiem angielskim, uzyska\u0142 r\u00f3wnie\u017c dyplom Uniwersytetu w Michigan, z zakresu znajomo\u015bci j\u0119zyka angielskiego jako drugiego j\u0119zyka.<\/span><\/p>\n<p><span style=\"color: #2f3542;\">Do\u015bwiadczenie zawodowe to przede wszystkim wsp\u00f3\u0142praca z firmami, kt\u00f3re z racji swojej dzia\u0142alno\u015bci, funkcjonuj\u0105 na rynkach mi\u0119dzynarodowych. Prowadz\u0105c 12 lat firm\u0119 obs\u0142uguj\u0105c\u0105 handel zagraniczny pozna\u0142 specyfikacj\u0119, prawie wszystkich kraj\u00f3w europejskich, Azji, Afryki P\u0142n oraz USA i Kanady.<\/span><\/p>\n<p><span style=\"color: #2f3542;\">Trenerem-ekspertem w obszarze negocjacji zosta\u0142 w 2005 roku dla najwi\u0119kszej w Polsce firmy specjalizuj\u0105cej si\u0119 w zarz\u0105dzaniu du\u017cymi projektami szkoleniowo-doradczymi WYG International LTD.<\/span><\/p>\n<p><span style=\"color: #2f3542;\">Obszary w kt\u00f3rych si\u0119 specjalizuje:<\/span><\/p>\n<ul>\n<li><span style=\"color: #2f3542;\">Trudne sytuacje i trudne decyzje mened\u017cerskie (B2B)<\/span><\/li>\n<li><span style=\"color: #2f3542;\">Trudne negocjacje i gra nerw\u00f3w w konflikcie interes\u00f3w (B2B \/ negocjacje ze zwi\u0105zkami)<\/span><\/li>\n<li><span style=\"color: #2f3542;\">Perswazja, analiza lingwistyczna i analiza trudnej komunikacji mened\u017cerskiej<\/span><\/li>\n<li><span style=\"color: #2f3542;\">Negocjacje handlowe i sprzeda\u017c (B2B)<\/span><\/li>\n<li><span style=\"color: #2f3542;\">Negocjacje mi\u0119dzynarodowe w uj\u0119ciu r\u00f3\u017cnic kulturowych<\/span><\/li>\n<li><span style=\"color: #2f3542;\">Mi\u0119dzynarodowa etykieta biznesu i wywieranie wp\u0142ywu (Savoir Vivre)<\/span><\/li>\n<li><span style=\"color: #2f3542;\">Business English (academic level)<\/span><\/li>\n<\/ul>\n<hr>\n\n\n<p>&nbsp;<\/p>\n<p><a href=\"https:\/\/bepractice.pl\/wp-content\/uploads\/2019\/06\/zdjecie_1.jpg\"><img loading=\"lazy\" decoding=\"async\" class=\"alignleft size-thumbnail wp-image-426\" src=\"https:\/\/bepractice.pl\/wp-content\/uploads\/2019\/06\/zdjecie_1-150x150.jpg\" alt=\"\" width=\"150\" height=\"150\"><\/a><\/p>\n<p>&nbsp;<\/p>\n<p><span style=\"color: #303238;\"><strong>Grzegorz Reczy\u0144ski &#8211; Trener, Ekspert w bran\u017cy dealerskiej<\/strong><\/span><\/p>\n<p>&nbsp;<\/p>\n<p>&nbsp;<\/p>\n<p>&nbsp;<\/p>\n<p><span style=\"color: #303238;\">Aktywnie pracuje w bran\u017cy motoryzacyjnej od 1997 roku. Od 2001 nieprzerwanie zwi\u0105zany z dealersk\u0105 sprzeda\u017c\u0105 samochod\u00f3w nowych i u\u017cywanych.Przeszed\u0142 wszystkie szczeble kariery pracuj\u0105c w mi\u0119dzynarodowych sieciach dealerskich nale\u017c\u0105cych do Sumitomo, PGA Oraz Emil Frey.<\/span><\/p>\n<p><span style=\"color: #303238;\">Do\u015bwiadczenie zdobywa\u0142 pracuj\u0105c na stanowisku sprzedawcy samochod\u00f3w u\u017cywanych, szefa dzia\u0142u samochod\u00f3w u\u017cywanych, Dyrektora Sprzeda\u017cy oraz Dyrektora Zarz\u0105dzaj\u0105cego. Bra\u0142 udzia\u0142 w \u201estart up\u2019ach stacji dealerskich, programach naprawczych, a w ostatnich latach&nbsp; r\u00f3wnie\u017c by\u0142 odpowiedzialny za przej\u0119cie i reorganizacj\u0119 kilku dealerstw samochodowych.<\/span><\/p>\n<p><span style=\"color: #303238;\">W swojej pracy odpowiada\u0142 za wdro\u017cenie i zarz\u0105dzanie procesami, za zatrudnianie i rozw\u00f3j pracownik\u00f3w, ich coaching oraz za implementacje nowoczesnych rozwi\u0105za\u0144 ukierunkowanych na wzrost efektywno\u015bci sprzeda\u017cy.<\/span><\/p>\n<p><span style=\"color: #303238;\">Jest autorem dealerskiego programu samochod\u00f3w u\u017cywanych w uj\u0119ciu multibrandowym \u2013 z powodzeniem zarz\u0105dza\u0142 dzia\u0142ami samochod\u00f3w u\u017cywanych w 11 punktach dealerskich dzia\u0142aj\u0105cymi w jednym, centralnym, programie sprzeda\u017cy. Program by\u0142 wielokrotnie wyr\u00f3\u017cniany na rynku, w tym przez Miesi\u0119cznik Dealer jako najlepszy dealerski program samochod\u00f3w u\u017cywanych w Polsce.<\/span><\/p>\n<p><span style=\"color: #303238;\">Wielokrotnie prowadzi\u0142 wyk\u0142ady, prelekcje dla os\u00f3b odpowiadaj\u0105cych za rynek samochod\u00f3w u\u017cywanych na konferencjach sprzeda\u017cowych.<\/span><\/p>\n<p><span style=\"color: #303238;\">Prowadzi programy szkoleniowe dla sprzedawc\u00f3w samochod\u00f3w u\u017cywanych oraz dzia\u0142ania wdro\u017ceniowe w bran\u017cy automotive. \u015aci\u015ble wsp\u00f3\u0142pracuj\u0105c z zarz\u0105dami stacji dealerskich pomaga wprowadza\u0107 rozwi\u0105zania ukierunkowane na popraw\u0119 kluczowych wska\u017anik\u00f3w wskazuj\u0105c na wsp\u00f3\u0142prac\u0119 mi\u0119dzy dzia\u0142ow\u0105 jako warunek sukcesu stacji dealerskiej.<\/span><\/p>\n","protected":false},"excerpt":{"rendered":"<p>Marek Lewandowski \u2013 Prezes Senior Konsultant, Trener Od 1992 roku zwi\u0105zany z bran\u017c\u0105 FMCG, praktyczne do\u015bwiadczenie zawodowe zdobywa\u0142 w mi\u0119dzynarodowych koncernach&nbsp; pe\u0142ni\u0105c funkcje mened\u017cerskie w Dzia\u0142ach Sprzeda\u017cy takich firm jak Philip Morris, Reemstma, Benckiser, House of Prince, Elbrewery (Heineken Group), Chipita na stanowiskach District Manager, National Key Account Manager, National Sales Manager, Managing Director. Od [&hellip;]<\/p>\n","protected":false},"author":1,"featured_media":0,"parent":0,"menu_order":0,"comment_status":"closed","ping_status":"closed","template":"","meta":{"jetpack_post_was_ever_published":false,"footnotes":""},"class_list":["post-19","page","type-page","status-publish","hentry"],"yoast_head":"<!-- This site is optimized with the Yoast SEO plugin v26.5 - https:\/\/yoast.com\/wordpress\/plugins\/seo\/ -->\n<title>Business Practice<\/title>\n<meta name=\"description\" content=\"Doradztwo biznesowe dla firm, szkolenia z bran\u017cy automotive, us\u0142ugi konsultingowe. &quot;Jedyn\u0105 sta\u0142\u0105 rzecz\u0105 w organizacji jest zmiana&quot;...\" \/>\n<meta name=\"robots\" content=\"index, follow, max-snippet:-1, max-image-preview:large, max-video-preview:-1\" \/>\n<link rel=\"canonical\" href=\"https:\/\/bepractice.pl\/?page_id=19\" \/>\n<meta property=\"og:locale\" content=\"pl_PL\" \/>\n<meta property=\"og:type\" content=\"article\" \/>\n<meta property=\"og:title\" content=\"Business Practice\" \/>\n<meta property=\"og:description\" content=\"Doradztwo biznesowe dla firm, szkolenia z bran\u017cy automotive, us\u0142ugi konsultingowe. &quot;Jedyn\u0105 sta\u0142\u0105 rzecz\u0105 w organizacji jest zmiana&quot;...\" \/>\n<meta property=\"og:url\" content=\"https:\/\/bepractice.pl\/?page_id=19\" \/>\n<meta property=\"og:site_name\" content=\"Business Practice\" \/>\n<meta property=\"article:modified_time\" content=\"2020-03-20T20:28:36+00:00\" \/>\n<meta property=\"og:image\" content=\"http:\/\/bepractice.pl\/wp-content\/uploads\/2015\/11\/Marek1-200x300.jpg\" \/>\n<meta name=\"twitter:card\" content=\"summary_large_image\" \/>\n<meta name=\"twitter:label1\" content=\"Szacowany czas czytania\" \/>\n\t<meta name=\"twitter:data1\" content=\"6 minut\" \/>\n<script type=\"application\/ld+json\" class=\"yoast-schema-graph\">{\"@context\":\"https:\/\/schema.org\",\"@graph\":[{\"@type\":\"WebPage\",\"@id\":\"https:\/\/bepractice.pl\/?page_id=19\",\"url\":\"https:\/\/bepractice.pl\/?page_id=19\",\"name\":\"Business Practice\",\"isPartOf\":{\"@id\":\"https:\/\/bepractice.pl\/#website\"},\"primaryImageOfPage\":{\"@id\":\"https:\/\/bepractice.pl\/?page_id=19#primaryimage\"},\"image\":{\"@id\":\"https:\/\/bepractice.pl\/?page_id=19#primaryimage\"},\"thumbnailUrl\":\"http:\/\/bepractice.pl\/wp-content\/uploads\/2015\/11\/Marek1-200x300.jpg\",\"datePublished\":\"2015-11-17T11:38:31+00:00\",\"dateModified\":\"2020-03-20T20:28:36+00:00\",\"description\":\"Doradztwo biznesowe dla firm, szkolenia z bran\u017cy automotive, us\u0142ugi konsultingowe. \\\"Jedyn\u0105 sta\u0142\u0105 rzecz\u0105 w organizacji jest zmiana\\\"...\",\"breadcrumb\":{\"@id\":\"https:\/\/bepractice.pl\/?page_id=19#breadcrumb\"},\"inLanguage\":\"pl-PL\",\"potentialAction\":[{\"@type\":\"ReadAction\",\"target\":[\"https:\/\/bepractice.pl\/?page_id=19\"]}]},{\"@type\":\"ImageObject\",\"inLanguage\":\"pl-PL\",\"@id\":\"https:\/\/bepractice.pl\/?page_id=19#primaryimage\",\"url\":\"http:\/\/bepractice.pl\/wp-content\/uploads\/2015\/11\/Marek1-200x300.jpg\",\"contentUrl\":\"http:\/\/bepractice.pl\/wp-content\/uploads\/2015\/11\/Marek1-200x300.jpg\"},{\"@type\":\"BreadcrumbList\",\"@id\":\"https:\/\/bepractice.pl\/?page_id=19#breadcrumb\",\"itemListElement\":[{\"@type\":\"ListItem\",\"position\":1,\"name\":\"Strona g\u0142\u00f3wna\",\"item\":\"https:\/\/bepractice.pl\/\"},{\"@type\":\"ListItem\",\"position\":2,\"name\":\"Nasz zesp\u00f3\u0142\"}]},{\"@type\":\"WebSite\",\"@id\":\"https:\/\/bepractice.pl\/#website\",\"url\":\"https:\/\/bepractice.pl\/\",\"name\":\"Business Practice\",\"description\":\"Firma szkoleniowa dzia\u0142aj\u0105ca w obszarze automotive\",\"publisher\":{\"@id\":\"https:\/\/bepractice.pl\/#organization\"},\"potentialAction\":[{\"@type\":\"SearchAction\",\"target\":{\"@type\":\"EntryPoint\",\"urlTemplate\":\"https:\/\/bepractice.pl\/?s={search_term_string}\"},\"query-input\":{\"@type\":\"PropertyValueSpecification\",\"valueRequired\":true,\"valueName\":\"search_term_string\"}}],\"inLanguage\":\"pl-PL\"},{\"@type\":\"Organization\",\"@id\":\"https:\/\/bepractice.pl\/#organization\",\"name\":\"Business Practice\",\"url\":\"https:\/\/bepractice.pl\/\",\"logo\":{\"@type\":\"ImageObject\",\"inLanguage\":\"pl-PL\",\"@id\":\"https:\/\/bepractice.pl\/#\/schema\/logo\/image\/\",\"url\":\"https:\/\/bepractice.pl\/wp-content\/uploads\/2015\/11\/logo-BePractice1.jpg\",\"contentUrl\":\"https:\/\/bepractice.pl\/wp-content\/uploads\/2015\/11\/logo-BePractice1.jpg\",\"width\":1445,\"height\":1259,\"caption\":\"Business Practice\"},\"image\":{\"@id\":\"https:\/\/bepractice.pl\/#\/schema\/logo\/image\/\"}}]}<\/script>\n<!-- \/ Yoast SEO plugin. -->","yoast_head_json":{"title":"Business Practice","description":"Doradztwo biznesowe dla firm, szkolenia z bran\u017cy automotive, us\u0142ugi konsultingowe. \"Jedyn\u0105 sta\u0142\u0105 rzecz\u0105 w organizacji jest zmiana\"...","robots":{"index":"index","follow":"follow","max-snippet":"max-snippet:-1","max-image-preview":"max-image-preview:large","max-video-preview":"max-video-preview:-1"},"canonical":"https:\/\/bepractice.pl\/?page_id=19","og_locale":"pl_PL","og_type":"article","og_title":"Business Practice","og_description":"Doradztwo biznesowe dla firm, szkolenia z bran\u017cy automotive, us\u0142ugi konsultingowe. \"Jedyn\u0105 sta\u0142\u0105 rzecz\u0105 w organizacji jest zmiana\"...","og_url":"https:\/\/bepractice.pl\/?page_id=19","og_site_name":"Business Practice","article_modified_time":"2020-03-20T20:28:36+00:00","og_image":[{"url":"http:\/\/bepractice.pl\/wp-content\/uploads\/2015\/11\/Marek1-200x300.jpg","type":"","width":"","height":""}],"twitter_card":"summary_large_image","twitter_misc":{"Szacowany czas czytania":"6 minut"},"schema":{"@context":"https:\/\/schema.org","@graph":[{"@type":"WebPage","@id":"https:\/\/bepractice.pl\/?page_id=19","url":"https:\/\/bepractice.pl\/?page_id=19","name":"Business Practice","isPartOf":{"@id":"https:\/\/bepractice.pl\/#website"},"primaryImageOfPage":{"@id":"https:\/\/bepractice.pl\/?page_id=19#primaryimage"},"image":{"@id":"https:\/\/bepractice.pl\/?page_id=19#primaryimage"},"thumbnailUrl":"http:\/\/bepractice.pl\/wp-content\/uploads\/2015\/11\/Marek1-200x300.jpg","datePublished":"2015-11-17T11:38:31+00:00","dateModified":"2020-03-20T20:28:36+00:00","description":"Doradztwo biznesowe dla firm, szkolenia z bran\u017cy automotive, us\u0142ugi konsultingowe. \"Jedyn\u0105 sta\u0142\u0105 rzecz\u0105 w organizacji jest zmiana\"...","breadcrumb":{"@id":"https:\/\/bepractice.pl\/?page_id=19#breadcrumb"},"inLanguage":"pl-PL","potentialAction":[{"@type":"ReadAction","target":["https:\/\/bepractice.pl\/?page_id=19"]}]},{"@type":"ImageObject","inLanguage":"pl-PL","@id":"https:\/\/bepractice.pl\/?page_id=19#primaryimage","url":"http:\/\/bepractice.pl\/wp-content\/uploads\/2015\/11\/Marek1-200x300.jpg","contentUrl":"http:\/\/bepractice.pl\/wp-content\/uploads\/2015\/11\/Marek1-200x300.jpg"},{"@type":"BreadcrumbList","@id":"https:\/\/bepractice.pl\/?page_id=19#breadcrumb","itemListElement":[{"@type":"ListItem","position":1,"name":"Strona g\u0142\u00f3wna","item":"https:\/\/bepractice.pl\/"},{"@type":"ListItem","position":2,"name":"Nasz zesp\u00f3\u0142"}]},{"@type":"WebSite","@id":"https:\/\/bepractice.pl\/#website","url":"https:\/\/bepractice.pl\/","name":"Business Practice","description":"Firma szkoleniowa dzia\u0142aj\u0105ca w obszarze automotive","publisher":{"@id":"https:\/\/bepractice.pl\/#organization"},"potentialAction":[{"@type":"SearchAction","target":{"@type":"EntryPoint","urlTemplate":"https:\/\/bepractice.pl\/?s={search_term_string}"},"query-input":{"@type":"PropertyValueSpecification","valueRequired":true,"valueName":"search_term_string"}}],"inLanguage":"pl-PL"},{"@type":"Organization","@id":"https:\/\/bepractice.pl\/#organization","name":"Business Practice","url":"https:\/\/bepractice.pl\/","logo":{"@type":"ImageObject","inLanguage":"pl-PL","@id":"https:\/\/bepractice.pl\/#\/schema\/logo\/image\/","url":"https:\/\/bepractice.pl\/wp-content\/uploads\/2015\/11\/logo-BePractice1.jpg","contentUrl":"https:\/\/bepractice.pl\/wp-content\/uploads\/2015\/11\/logo-BePractice1.jpg","width":1445,"height":1259,"caption":"Business Practice"},"image":{"@id":"https:\/\/bepractice.pl\/#\/schema\/logo\/image\/"}}]}},"jetpack_sharing_enabled":true,"jetpack_shortlink":"https:\/\/wp.me\/P6XDnz-j","_links":{"self":[{"href":"https:\/\/bepractice.pl\/index.php?rest_route=\/wp\/v2\/pages\/19","targetHints":{"allow":["GET"]}}],"collection":[{"href":"https:\/\/bepractice.pl\/index.php?rest_route=\/wp\/v2\/pages"}],"about":[{"href":"https:\/\/bepractice.pl\/index.php?rest_route=\/wp\/v2\/types\/page"}],"author":[{"embeddable":true,"href":"https:\/\/bepractice.pl\/index.php?rest_route=\/wp\/v2\/users\/1"}],"replies":[{"embeddable":true,"href":"https:\/\/bepractice.pl\/index.php?rest_route=%2Fwp%2Fv2%2Fcomments&post=19"}],"version-history":[{"count":53,"href":"https:\/\/bepractice.pl\/index.php?rest_route=\/wp\/v2\/pages\/19\/revisions"}],"predecessor-version":[{"id":504,"href":"https:\/\/bepractice.pl\/index.php?rest_route=\/wp\/v2\/pages\/19\/revisions\/504"}],"wp:attachment":[{"href":"https:\/\/bepractice.pl\/index.php?rest_route=%2Fwp%2Fv2%2Fmedia&parent=19"}],"curies":[{"name":"wp","href":"https:\/\/api.w.org\/{rel}","templated":true}]}}