{"id":53,"date":"2015-11-17T12:29:15","date_gmt":"2015-11-17T12:29:15","guid":{"rendered":"http:\/\/bepractice.pl\/?page_id=53"},"modified":"2019-04-15T19:20:33","modified_gmt":"2019-04-15T19:20:33","slug":"rekrutacje","status":"publish","type":"page","link":"https:\/\/bepractice.pl\/?page_id=53","title":{"rendered":"Rekrutacje"},"content":{"rendered":"<div id=\"content-side\" class=\"side\">\n<div id=\"content-side2\" class=\"side2\">\n<div class=\"container-content\">\n<div id=\"content-content\">\n<div id=\"content-content-inner\" class=\"container-content-inner\">\n<div id=\"widget-029b2e5d-58f3-4c7f-8aad-f2065e791f60\" class=\"widget widget-text\">\n<div class=\"widget-content\">\n<p><span style=\"color: #333333;\">Firma Business Practice posiada wieloletnie do\u015bwiadczenie w realizacji projekt\u00f3w rekrutacyjnych na stanowiska podstawowe, mened\u017cerskie oraz executive search.<\/span><\/p>\n<p><span style=\"color: #333333;\">Naszym Klientom gwarantujemy wysok\u0105 skuteczno\u015b\u0107 proces\u00f3w rekrutacyjnych, efektywne i szybkie zatrudnienie odpowiednich os\u00f3b po\u017c\u0105danych w organizacji. Na ka\u017cdego z zatrudnionych kandydat\u00f3w udzielamy gwarancji adekwatnej do stanowiska.<\/span><\/p>\n<p><span style=\"color: #333333;\">Dzia\u0142ania rekrutacyjne kt\u00f3re przeprowadzamy obejmuj\u0105:<\/span><\/p>\n<ul>\n<li><span style=\"color: #333333;\">Direct Search\/ Executive Search<\/span><\/li>\n<li><span style=\"color: #333333;\">Spotkania z kandydatami, z kt\u00f3rymi jeste\u015bmy w sta\u0142ym kontakcie<\/span><\/li>\n<li><span style=\"color: #333333;\">Zredagowanie i publikacj\u0119 og\u0142oszenia o naborze<\/span><\/li>\n<li><span style=\"color: #333333;\">Selekcj\u0119 wst\u0119pn\u0105 dokument\u00f3w rekrutacyjnych<\/span><\/li>\n<li><span style=\"color: #333333;\">Rozmow\u0119 kwalifikacyjn\u0105<\/span><\/li>\n<li><span style=\"color: #333333;\">Assessment Center \u2013 najbardziej skuteczna metoda selekcji, wykorzystywana przez nas w ka\u017cdym procesie rekrutacyjnym<\/span><\/li>\n<li><span style=\"color: #333333;\">Pozyskanie lub weryfikacja referencji<\/span><\/li>\n<\/ul>\n<p><span style=\"color: #333333;\">Nadrz\u0119dnym celem firmy jest nawi\u0105zanie d\u0142ugofalowej wsp\u00f3\u0142pracy z Klientami dzi\u0119ki czemu, znaj\u0105c filozofi\u0119 oraz kultur\u0119 pracy organizacji, jest nam o wiele \u0142atwiej zaspokoi\u0107 potrzeby rekrutacyjne Klienta dopasowuj\u0105c kandydat\u00f3w do firmy, jej kultury pracy.<\/span><\/p>\n<p><span style=\"color: #333333;\"><strong>Rekrutacja i selekcja personelu<\/strong><\/span><\/p>\n<p><span style=\"color: #333333;\">Dzia\u0142ania rekrutacyjne jakie prowadzi firma Business Practice to profesjonalne i kompleksowe realizacje proces\u00f3w rekrutacji, pocz\u0105wszy od szczeg\u00f3\u0142owego om\u00f3wienia potrzeb klienta i stworzenia profilu idealnego kandydata po prezentacj\u0119 najlepszych os\u00f3b oraz organizacj\u0119 spotkania kandydat\u00f3w z przedstawicielami firmy klienta. Naszemu klientowi mo\u017cemy w pe\u0142ni zagwarantowa\u0107 najwy\u017csz\u0105 jako\u015b\u0107 i efektywno\u015b\u0107 \u015bwiadczonych us\u0142ug oraz szybkie i skuteczne realizowanie projekt\u00f3w rekrutacyjnych, a tak\u017ce dyskrecj\u0119. Rekrutowani przez nas pracownicy przyczyniaj\u0105 si\u0119 do rozwoju przedsi\u0119biorstwa jak r\u00f3wnie\u017c b\u0119d\u0105 budowa\u0107 pozytywny wizerunek firmy.<\/span><br \/>\n<span style=\"color: #333333;\">Realizujemy procesy rekrutacyjne w oparciu o poszukiwania bezpo\u015brednie (Direct Search, Executive Search) oraz po\u015brednie (publikacja og\u0142osze\u0144 w starannie dobranych tytu\u0142ach prasowych oraz stronach internetowych).<\/span><\/p>\n<p><span style=\"color: #333333;\">Do\u015bwiadczeni konsultanci trafnie rozpoznaj\u0105 osoby obdarzone tzw. \u201etalentem do sprzeda\u017cy\u201d. Ponadto, komponuj\u0105c zesp\u00f3\u0142 bior\u0105 pod uwag\u0119 r\u00f3wnie\u017c indywidualne cechy ka\u017cdej osoby, tak aby w nowo powstaj\u0105cym zespole nie zabrak\u0142o \u017cadnej z istotnych r\u00f3l: osoby kreatywnej, \u0142agodz\u0105cej konflikty, lidera i przede wszystkim os\u00f3b lubi\u0105cych sprzedawa\u0107 i ch\u0119tnie realizuj\u0105cych pomys\u0142y innych.<\/span><\/p>\n<\/div>\n<\/div>\n<\/div>\n<\/div>\n<\/div>\n<\/div>\n<\/div>\n","protected":false},"excerpt":{"rendered":"<p>Firma Business Practice posiada wieloletnie do\u015bwiadczenie w realizacji projekt\u00f3w rekrutacyjnych na stanowiska podstawowe, mened\u017cerskie oraz executive search. Naszym Klientom gwarantujemy wysok\u0105 skuteczno\u015b\u0107 proces\u00f3w rekrutacyjnych, efektywne i szybkie zatrudnienie odpowiednich os\u00f3b po\u017c\u0105danych w organizacji. Na ka\u017cdego z zatrudnionych kandydat\u00f3w udzielamy gwarancji adekwatnej do stanowiska. Dzia\u0142ania rekrutacyjne kt\u00f3re przeprowadzamy obejmuj\u0105: Direct Search\/ Executive Search Spotkania z kandydatami, [&hellip;]<\/p>\n","protected":false},"author":1,"featured_media":0,"parent":0,"menu_order":0,"comment_status":"closed","ping_status":"closed","template":"","meta":{"jetpack_post_was_ever_published":false,"footnotes":""},"class_list":["post-53","page","type-page","status-publish","hentry"],"yoast_head":"<!-- This site is optimized with the Yoast SEO plugin v26.5 - https:\/\/yoast.com\/wordpress\/plugins\/seo\/ -->\n<title>Business Practice<\/title>\n<meta name=\"description\" content=\"Doradztwo biznesowe dla firm, szkolenia z bran\u017cy automotive, us\u0142ugi konsultingowe. &quot;Jedyn\u0105 sta\u0142\u0105 rzecz\u0105 w organizacji jest zmiana&quot;...\" \/>\n<meta name=\"robots\" content=\"index, follow, max-snippet:-1, max-image-preview:large, max-video-preview:-1\" \/>\n<link rel=\"canonical\" href=\"https:\/\/bepractice.pl\/?page_id=53\" \/>\n<meta property=\"og:locale\" content=\"pl_PL\" \/>\n<meta property=\"og:type\" content=\"article\" \/>\n<meta property=\"og:title\" content=\"Business Practice\" \/>\n<meta property=\"og:description\" content=\"Doradztwo biznesowe dla firm, szkolenia z bran\u017cy automotive, us\u0142ugi konsultingowe. &quot;Jedyn\u0105 sta\u0142\u0105 rzecz\u0105 w organizacji jest zmiana&quot;...\" \/>\n<meta property=\"og:url\" content=\"https:\/\/bepractice.pl\/?page_id=53\" \/>\n<meta property=\"og:site_name\" content=\"Business Practice\" \/>\n<meta property=\"article:modified_time\" content=\"2019-04-15T19:20:33+00:00\" \/>\n<meta name=\"twitter:card\" content=\"summary_large_image\" \/>\n<meta name=\"twitter:label1\" content=\"Szacowany czas czytania\" \/>\n\t<meta name=\"twitter:data1\" content=\"2 minuty\" \/>\n<script type=\"application\/ld+json\" class=\"yoast-schema-graph\">{\"@context\":\"https:\/\/schema.org\",\"@graph\":[{\"@type\":\"WebPage\",\"@id\":\"https:\/\/bepractice.pl\/?page_id=53\",\"url\":\"https:\/\/bepractice.pl\/?page_id=53\",\"name\":\"Business Practice\",\"isPartOf\":{\"@id\":\"https:\/\/bepractice.pl\/#website\"},\"datePublished\":\"2015-11-17T12:29:15+00:00\",\"dateModified\":\"2019-04-15T19:20:33+00:00\",\"description\":\"Doradztwo biznesowe dla firm, szkolenia z bran\u017cy automotive, us\u0142ugi konsultingowe. \\\"Jedyn\u0105 sta\u0142\u0105 rzecz\u0105 w organizacji jest zmiana\\\"...\",\"breadcrumb\":{\"@id\":\"https:\/\/bepractice.pl\/?page_id=53#breadcrumb\"},\"inLanguage\":\"pl-PL\",\"potentialAction\":[{\"@type\":\"ReadAction\",\"target\":[\"https:\/\/bepractice.pl\/?page_id=53\"]}]},{\"@type\":\"BreadcrumbList\",\"@id\":\"https:\/\/bepractice.pl\/?page_id=53#breadcrumb\",\"itemListElement\":[{\"@type\":\"ListItem\",\"position\":1,\"name\":\"Strona g\u0142\u00f3wna\",\"item\":\"https:\/\/bepractice.pl\/\"},{\"@type\":\"ListItem\",\"position\":2,\"name\":\"Rekrutacje\"}]},{\"@type\":\"WebSite\",\"@id\":\"https:\/\/bepractice.pl\/#website\",\"url\":\"https:\/\/bepractice.pl\/\",\"name\":\"Business Practice\",\"description\":\"Firma szkoleniowa dzia\u0142aj\u0105ca w obszarze automotive\",\"publisher\":{\"@id\":\"https:\/\/bepractice.pl\/#organization\"},\"potentialAction\":[{\"@type\":\"SearchAction\",\"target\":{\"@type\":\"EntryPoint\",\"urlTemplate\":\"https:\/\/bepractice.pl\/?s={search_term_string}\"},\"query-input\":{\"@type\":\"PropertyValueSpecification\",\"valueRequired\":true,\"valueName\":\"search_term_string\"}}],\"inLanguage\":\"pl-PL\"},{\"@type\":\"Organization\",\"@id\":\"https:\/\/bepractice.pl\/#organization\",\"name\":\"Business Practice\",\"url\":\"https:\/\/bepractice.pl\/\",\"logo\":{\"@type\":\"ImageObject\",\"inLanguage\":\"pl-PL\",\"@id\":\"https:\/\/bepractice.pl\/#\/schema\/logo\/image\/\",\"url\":\"https:\/\/bepractice.pl\/wp-content\/uploads\/2015\/11\/logo-BePractice1.jpg\",\"contentUrl\":\"https:\/\/bepractice.pl\/wp-content\/uploads\/2015\/11\/logo-BePractice1.jpg\",\"width\":1445,\"height\":1259,\"caption\":\"Business Practice\"},\"image\":{\"@id\":\"https:\/\/bepractice.pl\/#\/schema\/logo\/image\/\"}}]}<\/script>\n<!-- \/ Yoast SEO plugin. -->","yoast_head_json":{"title":"Business Practice","description":"Doradztwo biznesowe dla firm, szkolenia z bran\u017cy automotive, us\u0142ugi konsultingowe. \"Jedyn\u0105 sta\u0142\u0105 rzecz\u0105 w organizacji jest zmiana\"...","robots":{"index":"index","follow":"follow","max-snippet":"max-snippet:-1","max-image-preview":"max-image-preview:large","max-video-preview":"max-video-preview:-1"},"canonical":"https:\/\/bepractice.pl\/?page_id=53","og_locale":"pl_PL","og_type":"article","og_title":"Business Practice","og_description":"Doradztwo biznesowe dla firm, szkolenia z bran\u017cy automotive, us\u0142ugi konsultingowe. \"Jedyn\u0105 sta\u0142\u0105 rzecz\u0105 w organizacji jest zmiana\"...","og_url":"https:\/\/bepractice.pl\/?page_id=53","og_site_name":"Business Practice","article_modified_time":"2019-04-15T19:20:33+00:00","twitter_card":"summary_large_image","twitter_misc":{"Szacowany czas czytania":"2 minuty"},"schema":{"@context":"https:\/\/schema.org","@graph":[{"@type":"WebPage","@id":"https:\/\/bepractice.pl\/?page_id=53","url":"https:\/\/bepractice.pl\/?page_id=53","name":"Business Practice","isPartOf":{"@id":"https:\/\/bepractice.pl\/#website"},"datePublished":"2015-11-17T12:29:15+00:00","dateModified":"2019-04-15T19:20:33+00:00","description":"Doradztwo biznesowe dla firm, szkolenia z bran\u017cy automotive, us\u0142ugi konsultingowe. \"Jedyn\u0105 sta\u0142\u0105 rzecz\u0105 w organizacji jest zmiana\"...","breadcrumb":{"@id":"https:\/\/bepractice.pl\/?page_id=53#breadcrumb"},"inLanguage":"pl-PL","potentialAction":[{"@type":"ReadAction","target":["https:\/\/bepractice.pl\/?page_id=53"]}]},{"@type":"BreadcrumbList","@id":"https:\/\/bepractice.pl\/?page_id=53#breadcrumb","itemListElement":[{"@type":"ListItem","position":1,"name":"Strona g\u0142\u00f3wna","item":"https:\/\/bepractice.pl\/"},{"@type":"ListItem","position":2,"name":"Rekrutacje"}]},{"@type":"WebSite","@id":"https:\/\/bepractice.pl\/#website","url":"https:\/\/bepractice.pl\/","name":"Business Practice","description":"Firma szkoleniowa dzia\u0142aj\u0105ca w obszarze automotive","publisher":{"@id":"https:\/\/bepractice.pl\/#organization"},"potentialAction":[{"@type":"SearchAction","target":{"@type":"EntryPoint","urlTemplate":"https:\/\/bepractice.pl\/?s={search_term_string}"},"query-input":{"@type":"PropertyValueSpecification","valueRequired":true,"valueName":"search_term_string"}}],"inLanguage":"pl-PL"},{"@type":"Organization","@id":"https:\/\/bepractice.pl\/#organization","name":"Business Practice","url":"https:\/\/bepractice.pl\/","logo":{"@type":"ImageObject","inLanguage":"pl-PL","@id":"https:\/\/bepractice.pl\/#\/schema\/logo\/image\/","url":"https:\/\/bepractice.pl\/wp-content\/uploads\/2015\/11\/logo-BePractice1.jpg","contentUrl":"https:\/\/bepractice.pl\/wp-content\/uploads\/2015\/11\/logo-BePractice1.jpg","width":1445,"height":1259,"caption":"Business Practice"},"image":{"@id":"https:\/\/bepractice.pl\/#\/schema\/logo\/image\/"}}]}},"jetpack_sharing_enabled":true,"jetpack_shortlink":"https:\/\/wp.me\/P6XDnz-R","_links":{"self":[{"href":"https:\/\/bepractice.pl\/index.php?rest_route=\/wp\/v2\/pages\/53","targetHints":{"allow":["GET"]}}],"collection":[{"href":"https:\/\/bepractice.pl\/index.php?rest_route=\/wp\/v2\/pages"}],"about":[{"href":"https:\/\/bepractice.pl\/index.php?rest_route=\/wp\/v2\/types\/page"}],"author":[{"embeddable":true,"href":"https:\/\/bepractice.pl\/index.php?rest_route=\/wp\/v2\/users\/1"}],"replies":[{"embeddable":true,"href":"https:\/\/bepractice.pl\/index.php?rest_route=%2Fwp%2Fv2%2Fcomments&post=53"}],"version-history":[{"count":3,"href":"https:\/\/bepractice.pl\/index.php?rest_route=\/wp\/v2\/pages\/53\/revisions"}],"predecessor-version":[{"id":526,"href":"https:\/\/bepractice.pl\/index.php?rest_route=\/wp\/v2\/pages\/53\/revisions\/526"}],"wp:attachment":[{"href":"https:\/\/bepractice.pl\/index.php?rest_route=%2Fwp%2Fv2%2Fmedia&parent=53"}],"curies":[{"name":"wp","href":"https:\/\/api.w.org\/{rel}","templated":true}]}}