{"id":81,"date":"2015-11-17T13:08:05","date_gmt":"2015-11-17T13:08:05","guid":{"rendered":"http:\/\/bepractice.pl\/?page_id=81"},"modified":"2019-04-15T18:54:05","modified_gmt":"2019-04-15T18:54:05","slug":"szkolenia","status":"publish","type":"page","link":"https:\/\/bepractice.pl\/?page_id=81","title":{"rendered":"Szkolenia"},"content":{"rendered":"<div id=\"content-side\" class=\"side\">\n<div id=\"content-side2\" class=\"side2\">\n<div class=\"container-content\">\n<div id=\"content-content\">\n<div id=\"content-content-inner\" class=\"container-content-inner\">\n<div id=\"widget-69421ac2-05f6-05fc-1d03-9f1eac248d79\" class=\"widget widget-text\">\n<div class=\"widget-content\">\n<p><span style=\"color: #333333;\">Business Practice pomaga swoim Klientom zapobiega\u0107 niekorzystnym dla nich procesom takim jak:<\/span><\/p>\n<ul>\n<li><span style=\"color: #333333;\">s\u0142abn\u0105ca lojalno\u015b\u0107 Klient\u00f3w<\/span><\/li>\n<li><span style=\"color: #333333;\">niskie standardy obs\u0142ugi Klienta<\/span><\/li>\n<li><span style=\"color: #333333;\">pogarszaj\u0105ca si\u0119 efektywno\u015b\u0107<em> zespo\u0142u<br \/>\n<\/em><\/span><\/li>\n<li><span style=\"color: #333333;\">niepo\u017c\u0105dane postawy i zachowania personelu<\/span><\/li>\n<li><span style=\"color: #333333;\">utrata korzy\u015bci p\u0142yn\u0105cych z potencja\u0142u pracownik\u00f3w<\/span><\/li>\n<li><span style=\"color: #333333;\">powstawanie barier w procesie wprowadzania zmian<\/span><\/li>\n<li><span style=\"color: #333333;\">frustracja i niska motywacja pracownik\u00f3w<\/span><\/li>\n<li><span style=\"color: #333333;\">nieefektywna komunikacja wewn\u0119trzna<\/span><\/li>\n<li><span style=\"color: #333333;\">utrata przez firm\u0119 udzia\u0142\u00f3w w rynku<\/span><\/li>\n<li><span style=\"color: #333333;\">konflikty wewn\u0105trz organizacji<\/span><\/li>\n<\/ul>\n<p><span style=\"color: #333333;\">Business Practice pos\u0142uguje si\u0119 oryginaln\u0105 metodyk\u0105 warsztat\u00f3w szkoleniowych i autorskimi narz\u0119dziami, kt\u00f3re projektowane s\u0105 na potrzeby indywidualne ka\u017cdego z realizowanych projekt\u00f3w. Przyst\u0119puj\u0105c do realizacji projektu na etapie przygotowania przeprowadzamy audyt oraz badanie potrzeb szkoleniowych. Programy doradcze oraz szkoleniowe adresowane s\u0105 do wszystkich pracownik\u00f3w w organizacji, zar\u00f3wno do pracownik\u00f3w liniowych jak i kadry kierowniczej. Specjalizujemy si\u0119 w obszarach rozwoju personelu, organizacji pracy oraz zarz\u0105dzania dla kadry kierowniczej, realizujemy r\u00f3wnie\u017c projekty adresowane do dzia\u0142\u00f3w obs\u0142ugi posprzeda\u017cnej. Poprzez wdro\u017cenia, wsp\u00f3ln\u0105 prac\u0119 z uczestnikami szkole\u0144 zapewniamy trwa\u0142o\u015b\u0107 zmian w postawach.<\/span><\/p>\n<\/div>\n<\/div>\n<\/div>\n<\/div>\n<\/div>\n<\/div>\n<\/div>\n","protected":false},"excerpt":{"rendered":"<p>Business Practice pomaga swoim Klientom zapobiega\u0107 niekorzystnym dla nich procesom takim jak: s\u0142abn\u0105ca lojalno\u015b\u0107 Klient\u00f3w niskie standardy obs\u0142ugi Klienta pogarszaj\u0105ca si\u0119 efektywno\u015b\u0107 zespo\u0142u niepo\u017c\u0105dane postawy i zachowania personelu utrata korzy\u015bci p\u0142yn\u0105cych z potencja\u0142u pracownik\u00f3w powstawanie barier w procesie wprowadzania zmian frustracja i niska motywacja pracownik\u00f3w nieefektywna komunikacja wewn\u0119trzna utrata przez firm\u0119 udzia\u0142\u00f3w w rynku konflikty [&hellip;]<\/p>\n","protected":false},"author":1,"featured_media":0,"parent":0,"menu_order":0,"comment_status":"closed","ping_status":"closed","template":"","meta":{"jetpack_post_was_ever_published":false,"footnotes":""},"class_list":["post-81","page","type-page","status-publish","hentry"],"yoast_head":"<!-- This site is optimized with the Yoast SEO plugin v26.5 - https:\/\/yoast.com\/wordpress\/plugins\/seo\/ -->\n<title>Business Practice<\/title>\n<meta name=\"description\" content=\"Doradztwo biznesowe dla firm, szkolenia z bran\u017cy automotive, us\u0142ugi konsultingowe. &quot;Jedyn\u0105 sta\u0142\u0105 rzecz\u0105 w organizacji jest zmiana&quot;...\" \/>\n<meta name=\"robots\" content=\"index, follow, max-snippet:-1, max-image-preview:large, max-video-preview:-1\" \/>\n<link rel=\"canonical\" href=\"https:\/\/bepractice.pl\/?page_id=81\" \/>\n<meta property=\"og:locale\" content=\"pl_PL\" \/>\n<meta property=\"og:type\" content=\"article\" \/>\n<meta property=\"og:title\" content=\"Business Practice\" \/>\n<meta property=\"og:description\" content=\"Doradztwo biznesowe dla firm, szkolenia z bran\u017cy automotive, us\u0142ugi konsultingowe. &quot;Jedyn\u0105 sta\u0142\u0105 rzecz\u0105 w organizacji jest zmiana&quot;...\" \/>\n<meta property=\"og:url\" content=\"https:\/\/bepractice.pl\/?page_id=81\" \/>\n<meta property=\"og:site_name\" content=\"Business Practice\" \/>\n<meta property=\"article:modified_time\" content=\"2019-04-15T18:54:05+00:00\" \/>\n<meta name=\"twitter:card\" content=\"summary_large_image\" \/>\n<meta name=\"twitter:label1\" content=\"Szacowany czas czytania\" \/>\n\t<meta name=\"twitter:data1\" content=\"1 minuta\" \/>\n<script type=\"application\/ld+json\" class=\"yoast-schema-graph\">{\"@context\":\"https:\/\/schema.org\",\"@graph\":[{\"@type\":\"WebPage\",\"@id\":\"https:\/\/bepractice.pl\/?page_id=81\",\"url\":\"https:\/\/bepractice.pl\/?page_id=81\",\"name\":\"Business Practice\",\"isPartOf\":{\"@id\":\"https:\/\/bepractice.pl\/#website\"},\"datePublished\":\"2015-11-17T13:08:05+00:00\",\"dateModified\":\"2019-04-15T18:54:05+00:00\",\"description\":\"Doradztwo biznesowe dla firm, szkolenia z bran\u017cy automotive, us\u0142ugi konsultingowe. \\\"Jedyn\u0105 sta\u0142\u0105 rzecz\u0105 w organizacji jest zmiana\\\"...\",\"breadcrumb\":{\"@id\":\"https:\/\/bepractice.pl\/?page_id=81#breadcrumb\"},\"inLanguage\":\"pl-PL\",\"potentialAction\":[{\"@type\":\"ReadAction\",\"target\":[\"https:\/\/bepractice.pl\/?page_id=81\"]}]},{\"@type\":\"BreadcrumbList\",\"@id\":\"https:\/\/bepractice.pl\/?page_id=81#breadcrumb\",\"itemListElement\":[{\"@type\":\"ListItem\",\"position\":1,\"name\":\"Strona g\u0142\u00f3wna\",\"item\":\"https:\/\/bepractice.pl\/\"},{\"@type\":\"ListItem\",\"position\":2,\"name\":\"Szkolenia\"}]},{\"@type\":\"WebSite\",\"@id\":\"https:\/\/bepractice.pl\/#website\",\"url\":\"https:\/\/bepractice.pl\/\",\"name\":\"Business Practice\",\"description\":\"Firma szkoleniowa dzia\u0142aj\u0105ca w obszarze automotive\",\"publisher\":{\"@id\":\"https:\/\/bepractice.pl\/#organization\"},\"potentialAction\":[{\"@type\":\"SearchAction\",\"target\":{\"@type\":\"EntryPoint\",\"urlTemplate\":\"https:\/\/bepractice.pl\/?s={search_term_string}\"},\"query-input\":{\"@type\":\"PropertyValueSpecification\",\"valueRequired\":true,\"valueName\":\"search_term_string\"}}],\"inLanguage\":\"pl-PL\"},{\"@type\":\"Organization\",\"@id\":\"https:\/\/bepractice.pl\/#organization\",\"name\":\"Business Practice\",\"url\":\"https:\/\/bepractice.pl\/\",\"logo\":{\"@type\":\"ImageObject\",\"inLanguage\":\"pl-PL\",\"@id\":\"https:\/\/bepractice.pl\/#\/schema\/logo\/image\/\",\"url\":\"https:\/\/bepractice.pl\/wp-content\/uploads\/2015\/11\/logo-BePractice1.jpg\",\"contentUrl\":\"https:\/\/bepractice.pl\/wp-content\/uploads\/2015\/11\/logo-BePractice1.jpg\",\"width\":1445,\"height\":1259,\"caption\":\"Business Practice\"},\"image\":{\"@id\":\"https:\/\/bepractice.pl\/#\/schema\/logo\/image\/\"}}]}<\/script>\n<!-- \/ Yoast SEO plugin. -->","yoast_head_json":{"title":"Business Practice","description":"Doradztwo biznesowe dla firm, szkolenia z bran\u017cy automotive, us\u0142ugi konsultingowe. \"Jedyn\u0105 sta\u0142\u0105 rzecz\u0105 w organizacji jest zmiana\"...","robots":{"index":"index","follow":"follow","max-snippet":"max-snippet:-1","max-image-preview":"max-image-preview:large","max-video-preview":"max-video-preview:-1"},"canonical":"https:\/\/bepractice.pl\/?page_id=81","og_locale":"pl_PL","og_type":"article","og_title":"Business Practice","og_description":"Doradztwo biznesowe dla firm, szkolenia z bran\u017cy automotive, us\u0142ugi konsultingowe. \"Jedyn\u0105 sta\u0142\u0105 rzecz\u0105 w organizacji jest zmiana\"...","og_url":"https:\/\/bepractice.pl\/?page_id=81","og_site_name":"Business Practice","article_modified_time":"2019-04-15T18:54:05+00:00","twitter_card":"summary_large_image","twitter_misc":{"Szacowany czas czytania":"1 minuta"},"schema":{"@context":"https:\/\/schema.org","@graph":[{"@type":"WebPage","@id":"https:\/\/bepractice.pl\/?page_id=81","url":"https:\/\/bepractice.pl\/?page_id=81","name":"Business Practice","isPartOf":{"@id":"https:\/\/bepractice.pl\/#website"},"datePublished":"2015-11-17T13:08:05+00:00","dateModified":"2019-04-15T18:54:05+00:00","description":"Doradztwo biznesowe dla firm, szkolenia z bran\u017cy automotive, us\u0142ugi konsultingowe. \"Jedyn\u0105 sta\u0142\u0105 rzecz\u0105 w organizacji jest zmiana\"...","breadcrumb":{"@id":"https:\/\/bepractice.pl\/?page_id=81#breadcrumb"},"inLanguage":"pl-PL","potentialAction":[{"@type":"ReadAction","target":["https:\/\/bepractice.pl\/?page_id=81"]}]},{"@type":"BreadcrumbList","@id":"https:\/\/bepractice.pl\/?page_id=81#breadcrumb","itemListElement":[{"@type":"ListItem","position":1,"name":"Strona g\u0142\u00f3wna","item":"https:\/\/bepractice.pl\/"},{"@type":"ListItem","position":2,"name":"Szkolenia"}]},{"@type":"WebSite","@id":"https:\/\/bepractice.pl\/#website","url":"https:\/\/bepractice.pl\/","name":"Business Practice","description":"Firma szkoleniowa dzia\u0142aj\u0105ca w obszarze automotive","publisher":{"@id":"https:\/\/bepractice.pl\/#organization"},"potentialAction":[{"@type":"SearchAction","target":{"@type":"EntryPoint","urlTemplate":"https:\/\/bepractice.pl\/?s={search_term_string}"},"query-input":{"@type":"PropertyValueSpecification","valueRequired":true,"valueName":"search_term_string"}}],"inLanguage":"pl-PL"},{"@type":"Organization","@id":"https:\/\/bepractice.pl\/#organization","name":"Business Practice","url":"https:\/\/bepractice.pl\/","logo":{"@type":"ImageObject","inLanguage":"pl-PL","@id":"https:\/\/bepractice.pl\/#\/schema\/logo\/image\/","url":"https:\/\/bepractice.pl\/wp-content\/uploads\/2015\/11\/logo-BePractice1.jpg","contentUrl":"https:\/\/bepractice.pl\/wp-content\/uploads\/2015\/11\/logo-BePractice1.jpg","width":1445,"height":1259,"caption":"Business Practice"},"image":{"@id":"https:\/\/bepractice.pl\/#\/schema\/logo\/image\/"}}]}},"jetpack_sharing_enabled":true,"jetpack_shortlink":"https:\/\/wp.me\/P6XDnz-1j","_links":{"self":[{"href":"https:\/\/bepractice.pl\/index.php?rest_route=\/wp\/v2\/pages\/81","targetHints":{"allow":["GET"]}}],"collection":[{"href":"https:\/\/bepractice.pl\/index.php?rest_route=\/wp\/v2\/pages"}],"about":[{"href":"https:\/\/bepractice.pl\/index.php?rest_route=\/wp\/v2\/types\/page"}],"author":[{"embeddable":true,"href":"https:\/\/bepractice.pl\/index.php?rest_route=\/wp\/v2\/users\/1"}],"replies":[{"embeddable":true,"href":"https:\/\/bepractice.pl\/index.php?rest_route=%2Fwp%2Fv2%2Fcomments&post=81"}],"version-history":[{"count":6,"href":"https:\/\/bepractice.pl\/index.php?rest_route=\/wp\/v2\/pages\/81\/revisions"}],"predecessor-version":[{"id":345,"href":"https:\/\/bepractice.pl\/index.php?rest_route=\/wp\/v2\/pages\/81\/revisions\/345"}],"wp:attachment":[{"href":"https:\/\/bepractice.pl\/index.php?rest_route=%2Fwp%2Fv2%2Fmedia&parent=81"}],"curies":[{"name":"wp","href":"https:\/\/api.w.org\/{rel}","templated":true}]}}